?
True
Is 2350973 composite?
True
Is 18807317 a composite number?
False
Is 2634815 prime?
False
Is 518093 composite?
True
Is 2385073 composite?
False
Is 403503149 prime?
False
Is 1895273 prime?
True
Is 51429127 a composite number?
True
Is 143021447 composite?
True
Is 2414981 composite?
False
Is 17469937 composite?
True
Is 50756617 prime?
False
Is 5148701 a composite number?
False
Is 4253941 composite?
False
Is 1572861 a composite number?
True
Is 26203319 a composite number?
False
Is 1014053 a prime number?
False
Is 7659215 composite?
True
Is 13180339 a prime number?
True
Is 12960079 a composite number?
True
Is 566173 a composite number?
False
Is 1555079 a prime number?
True
Is 405892591 prime?
False
Is 147616723 composite?
False
Is 56524109 a prime number?
True
Is 27885707 a composite number?
True
Is 533664121 prime?
True
Is 5857221 composite?
True
Is 1577759 a composite number?
False
Is 48173051 a composite number?
False
Is 3887371 prime?
False
Is 53395333 prime?
True
Is 5336267 a prime number?
True
Is 19119283 composite?
True
Is 176874047 a composite number?
True
Is 218786839 composite?
False
Is 80392369 composite?
False
Is 779797 a composite number?
False
Is 3280339 a composite number?
False
Is 1633157 a composite number?
False
Is 9466337 composite?
False
Is 7809343 a prime number?
True
Is 868949 prime?
False
Is 15576397 composite?
True
Is 343640337 a prime number?
False
Is 2923313 composite?
False
Is 7463563 a composite number?
False
Is 42054109 a prime number?
True
Is 1889999 composite?
False
Is 1206701 prime?
True
Is 1337873 a prime number?
True
Is 80661863 composite?
False
Is 4865431 a prime number?
True
Is 2482237 composite?
False
Is 2752787 prime?
True
Is 209394557 composite?
False
Is 3561023 prime?
True
Is 48860501 a prime number?
False
Is 903803 composite?
False
Is 665351 prime?
True
Is 51298201 a composite number?
False
Is 39896273 a prime number?
True
Is 33527251 a composite number?
True
Is 9104947 a prime number?
True
Is 27404473 a composite number?
True
Is 241212859 composite?
True
Is 115729877 prime?
False
Is 400921 composite?
True
Is 26631547 a prime number?
True
Is 2343199 a composite number?
True
Is 27777877 a composite number?
False
Is 110771407 a composite number?
False
Is 588991 a prime number?
False
Is 106163 prime?
True
Is 726094 prime?
False
Is 5278445 prime?
False
Is 114498661 a prime number?
False
Is 196684783 a prime number?
False
Is 27742703 prime?
True
Is 2925372055 prime?
False
Is 36234287 composite?
True
Is 12358081 a prime number?
False
Is 37413665 a prime number?
False
Is 75194347 a prime number?
False
Is 48351161 prime?
False
Is 20239997 a composite number?
True
Is 959759 a composite number?
False
Is 866519 a composite number?
False
Is 3094909 composite?
True
Is 36241187 a composite number?
False
Is 16601539 composite?
False
Is 8361071 composite?
False
Is 13498055 composite?
True
Is 16584823 prime?
False
Is 4342397 a composite number?
False
Is 38797679 prime?
False
Is 2326819681 a prime number?
True
Is 10607969 a composite number?
False
Is 871817 a prime number?
True
Is 291237619 prime?
False
Is 393765605 prime?
False
Is 16488403 composite?
False
Is 3295913 composite?
False
Is 59507471 a prime number?
False
Is 8276209 a composite number?
True
Is 32298223 a prime number?
False
Is 1325209153 composite?
False
Is 76854157 prime?
True
Is 4437007 composite?
False
Is 944733703 prime?
True
Is 34430699 a composite number?
False
Is 9648497 prime?
False
Is 60611833 composite?
False
Is 1850187 a prime number?
False
Is 5797837 composite?
True
Is 27373277 composite?
False
Is 13952171 a composite number?
False
Is 12525043 a composite number?
False
Is 6936161 a prime number?
False
Is 30215393 a composite number?
True
Is 89541619 composite?
True
Is 4180031 prime?
False
Is 499138555 composite?
True
Is 222949 prime?
False
Is 9676933 prime?
False
Is 18183649 a prime number?
False
Is 10655207 a prime number?
True
Is 1518737551 a composite number?
True
Is 3442162 prime?
False
Is 127461 composite?
True
Is 6391615 composite?
True
Is 1205346569 a composite number?
True
Is 8909387 prime?
True
Is 2446739 prime?
False
Is 2152397 a composite number?
True
Is 17522917 a prime number?
False
Is 8877733 composite?
False
Is 66158087 composite?
False
Is 79580101 prime?
True
Is 10689527 prime?
True
Is 23556927 prime?
False
Is 7880057 a prime number?
False
Is 39436409 a composite number?
True
Is 5825333 a composite number?
False
Is 6224657 a prime number?
True
Is 3660667 a composite number?
False
Is 4397023 a composite number?
False
Is 812947 a prime number?
False
Is 53570629 composite?
True
Is 70662869 prime?
True
Is 778377133 a composite number?
True
Is 13938427 a prime number?
False
Is 334501763 a composite number?
False
Is 707717371 prime?
True
Is 2083781 a prime number?
False
Is 2874119 a prime number?
True
Is 33880897 a prime number?
True
Is 7750661 prime?
True
Is 50686933 a composite number?
True
Is 99128251 a prime number?
True
Is 25898693 composite?
False
Is 2927813 a composite number?
True
Is 2129203 a prime number?
True
Is 577894 a prime number?
False
Is 46400449 a composite number?
True
Is 301297 a prime number?
False
Is 58677131 prime?
False
Is 46335557 prime?
False
Is 86719109 prime?
False
Is 8072791 a prime number?
True
Is 23982509 a composite number?
False
Is 51780709 a composite number?
False
Is 55403473 a prime number?
True
Is 22075483 composite?
True
Is 46422443 prime?
True
Is 5756441 a prime number?
False
Is 70604657 a composite number?
False
Is 50696133 a composite number?
True
Is 388757 a composite number?
False
Is 33988517 composite?
True
Is 26981027 a prime number?
False
Is 3162451 a prime number?
False
Is 1025461 composite?
True
Is 1239233 prime?
False
Is 54763759 composite?
True
Is 792706801 a composite number?
False
Is 3031103 a prime number?
True
Is 74543773 composite?
False
Is 17768827 composite?
False
Is 4201199 a composite number?
False
Is 82806853 composite?
False
Is 2754961 prime?
False
Is 81673447 a composite number?
False
Is 149827 a prime number?
True
Is 1979587 a prime number?
False
Is 51577 prime?
True
Is 16421417 prime?
True
Is 543413 composite?
True
Is 38668415 a prime number?
False
Is 85221259 a composite number?
False
Is 99436999 a prime number?
True
Is 710621 a prime number?
True
Is 10709705 composite?
True
Is 2598317 a composite number?
False
Is 8754257 a prime number?
True
Is 205958701 a composite number?
True
Is 10778333 a composite number?
False
Is 71676853 composite?
True
Is 355595365 composite?
True
Is 111886681 a prime number?
True
Is 33865331 a composite number?
False
Is 16840513 a prime number?
False
Is 8002299 composite?
True
Is 89584403 a composite number?
True
Is 1307791 prime?
False
Is 1291393 a composite number?
True
Is 991115 prime?
False
Is 420160769 a prime number?
False
Is 23172059 composite?
False
Is 81413303 a composite number?
False
Is 216673157 a prime number?
False
Is 5006137 composite?
True
Is 538247 a prime number?
True
Is 2813 a prime number?
False
Is 99215885 prime?
False
Is 1687373 a prime number?
True
Is 21701291 composite?
True
Is 129924701 a prime number?
True
Is 7314709 prime?
False
Is 50599 a composite number?
False
Is 62642653 prime?
True
Is 1501999 prime?
True
Is 161122253 prime?
True
Is 1877627 a prime number?
False
Is 11994569 prime?
False
Is 217633 composite?
True
Is 549863 composite?
False
Is 3093269 composite?
True
Is 104546327 prime?
True
Is 10410254 a prime number?
False
Is 391151203 a prime number?
True
Is 938321 a composite number?
True
Is 174082087 a composite number?
False
Is 9263869 prime?
True
Is 9216787 composite?
False
Is 10023323 a composite number?
True
Is 19346267 composite?
False
Is 11588201 composite?
False
Is 10430383 composite?
True
Is 159467351 a prime number?
True
Is 62446651 a composite number?
False
Is 3758233 composite?
False
Is 168323 composite?
False
Is 4652659 composite?
True
Is 537841 a composite number?
False
Is 13604127 composite?
True
Is 3837907 a prime number?
False
Is 13075681 composite?
False
Is 669993413 composite?
True
Is 561521 a composite number?
False
Is 30013967 prime?
True
Is 216989183 prime?
True
Is 5787227 a composite number?
True
Is 141912271 composite?
False
Is 14929253 prime?
True
Is 89483 prime?
False
Is 9218381 a c